 -4*h + 8. Let f be (4/(-3))/((-84)/189). Let l(u) = 7*u - 16. Let g(c) = f*l(c) + 5*q(c). Let s = 163 - 153. Determine g(s).
2
Let b(u) = u**2 - 9*u + 21. Let q be 1/(-15)*3 + (-442)/(-85). Give b(q).
1
Let b(g) = -7*g**2 + 123 - 52 + 5*g - 30 - 51 - g**3. Give b(-7).
-45
Suppose 6*p = 24 + 66. Let f be -2 + p/12*4. Let b(z) = -13 - 4 + 34 - f - z. What is b(7)?
7
Let v(r) = r**3 + 12*r**2 + 20*r - 3. Let p be (-24 - 552/(-24)) + 1*-2. Determine v(p).
18
Let n(w) = 4*w - 7. Suppose 4*x - 1192 = 1152. Let g = 593 - x. What is n(g)?
21
Let u(a) be the first derivative of -547*a**2 + 537*a**2 + 105 - 341. Determine u(-1).
20
Let c(n) = -2*n**2 - 7*n + 48. Let h(x) = 16*x**2 - 303*x - 15. Let y be h(19). Calculate c(y).
-12
Suppose 59*s + 676 + 148 = -120. Let k(c) = -c**3 - 14*c**2 + 33*c - 14. Determine k(s).
-30
Let s(x) be the second derivative of -x**5/5 + x**4/4 - 2*x**3/3 + 2*x**2 + 3*x + 15. Give s(2).
-24
Suppose j = 6*j + s + 7, -3*j - 4*s - 11 = 0. Let z(o) be the third derivative of 13*o**5/60 + o**4/12 + o**3/6 + 2*o**2 - 938. Give z(j).
12
Let x be 54/12 - (1 - (-19)/2). Let d(l) = -8*l - 30. Determine d(x).
18
Let b(h) = -43 - 32 - 12*h - 2 - 3 + 19*h. What is b(11)?
-3
Let p(u) = -130556*u**3 + 130557*u**3 - 3*u + 8*u**2 - 3 + 0*u**2. Calculate p(-6).
87
Let u be ((-30)/25)/((-46)/(-529) + (-33)/115). Let z(n) = 0*n - 3*n + 75 - 60 - 4*n**2 + n**3 - 11*n. Give z(u).
3
Let y = -20701 + 20676. Let z(s) = s**2 + 32*s + 169. Give z(y).
-6
Let b(h) = h**3 - 6*h**2 + 6*h + 1. Suppose 29*z - 32*z = 2*d + 178, 0 = 2*z + 4*d + 124. Let w = 9 + -62. Let a = w - z. What is b(a)?
6
Let p be (-1 - 0/3) + -4. Let g(z) be the third derivative of z**4/4 + 19*z**2 + 685. Determine g(p).
-30
Let k(d) = -25*d - 220. Let s(p) = -p**3 + 29*p**2 - 30*p + 47. Let c be s(28). Calculate k(c).
5
Suppose 2*f + 6*p = 3*p - 20, -10 = f - 3*p. Let t(v) be the second derivative of -v**5/20 - 11*v**4/12 - 5*v**3/3 - 2*v**2 - 26*v + 1. Calculate t(f).
-4
Let p(d) = -63*d - 750. Suppose -3396 = 399*s - 116*s. Give p(s).
6
Let i = -4 + -6. Let g(w) = w**3 - 12*w**2 - 8*w + 5. Let a(y) = -2*y**3 + y**2 - y + 2. Let z(u) = -a(u) - g(u). Determine z(i).
3
Let q(n) = n**2 + 11*n + 4. Let u = -153 - -159. Suppose -4*b = 4, -5*t - u = -4*t + b. Give q(t).
-26
Let d = -3 - -2. Let p(x) be the second derivative of 5/3*x**3 - 69 - 1/2*x**2 - 3*x. Give p(d).
-11
Let m(p) = 2*p**3 + 81*p**2 - 105*p - 119. Let y(l) = l**3 + 38*l**2 - 52*l - 60. Let c(n) = -4*m(n) + 9*y(n). Determine c(-20).
96
Let l(v) = v**3 + 7*v**2 + 7*v + 3. Suppose -433 = -9*o + 422. Suppose 93*s - o*s - 12 = 0. Determine l(s).
-3
Let x(t) be the first derivative of -t**5/120 - t**4/3 - 2*t**3 + 3*t + 20. Let v(k) be the third derivative of x(k). Give v(-12).
4
Let b(o) be the third derivative of -o**5/60 + 5*o**4/12 + 67*o**3/6 + 60*o**2 - 10*o. Give b(15).
-8
Let x(t) = -t**3 + 4*t**2 + 8*t - 23. Suppose -63*g = -131*g - 167*g + 1645. What is x(g)?
-114
Let j(a) = a**3 + 8*a**2 + 3*a + 12. Let n = 635 + -633. Suppose 3*d = -4*b - 23, 7*b - 11*b + n*d - 38 = 0. Determine j(b).
-12
Let s(d) = -d**3 + 9*d**2 + 11*d - 6. Let x = 21 - 16. Suppose x*f - 12 = 3. Suppose f*p = 5*p - 20. Give s(p).
4
Let s(v) = v**3 - 8*v**2 + v - 6. Let k be (4 - -74) + (-1 - -2). Let i(t) = 42*t - 281. Let f be i(5). Let w = k + f. What is s(w)?
2
Suppose 0*z + 18 = 3*z. Suppose t + y + 1 = 0, 3*t - 7*t - 5*y - 7 = 0. Let a(v) = -11*v**t - 10*v**2 - 3 + 22*v**2 - 7*v. Determine a(z).
-9
Let w(r) be the first derivative of r**4/4 - 4*r**3/3 + 3*r**2 - 2*r - 2775. Let h(g) = -g**2 - 5*g + 8. Let d be h(-6). Calculate w(d).
2
Suppose 42 = -12*h + 6. Let a(m) = -m**3 - 9*m**2 - m. Let p(i) = -2*i**3 - 9*i**2 - i - 1. Let x(z) = h*a(z) + 2*p(z). Determine x(9).
7
Let j(z) = z**3 + 10*z**2 + 2*z + 16. Let n be -3 - 0 - ((-28)/(-8))/((-14)/(-28)). Give j(n).
-4
Let k(q) = -2*q**2 - 26*q - 23. Suppose -4*n - 9*y + 14*y - 58 = 0, 42 = -4*n - 3*y. What is k(n)?
1
Let b(i) = 8*i + 6. Let z(g) = g**2 + 42*g + 112. Let c be 18/(-12) - ((-675)/6)/(-3). Let f be z(c). Determine b(f).
-34
Suppose -81 + 1 = -40*t. Let j(z) = 3*z - 14. Let a(x) be the first derivative of -8*x**2 + 71*x - 1. Let p(o) = t*a(o) + 11*j(o). What is p(0)?
-12
Let b be -117*(5/(-3) + 0). Suppose -2*h - 17*c + 20 = -19*c, -2*h = -5*c - 32. Let n(k) = 97*k - h + 97*k - b*k + k**2. Calculate n(0).
-6
Let g(v) be the first derivative of -2 + 7*v - 1/2*v**2. Suppose -7 = -f - 3. Calculate g(f).
3
Let i(u) = -18*u + 3. Suppose -64 = 793*w - 801*w. Calculate i(w).
-141
Let t be 3 + 0/5 + -3. Let y(u) = t*u - 11*u + 2 + 12*u. What is y(-8)?
-6
Suppose -2161*y + 2164*y + 12 = 0. Let p(o) = -31*o - 108. Determine p(y).
16
Let r(z) = -10*z - 10. Let p be r(-5). Suppose 5*c + 3*u = 10*c + p, -2*c = -5*u + 35. Let q(a) = -3*a - 8. What is q(c)?
7
Let j = 127 - 125. Suppose j*q - 4 + 20 = 0. Let w(b) = -b - 7. Determine w(q).
1
Let j = 279 - 274. Suppose -j*h = -55 + 65. Let g(k) = -2*k**3 - k**2 + 2*k + 2. Calculate g(h).
10
Let p(c) be the first derivative of 1/4*c**4 - 1/2*c**2 + 4*c + 0*c**3 - 250. Give p(3).
28
Let a(x) = -x**2 - x. Let g(o) = 3*o**2 - o + 1. Let n be ((-2)/8)/(2/8). Let t(j) = n*g(j) - 4*a(j). Give t(-6).
5
Let i(a) be the second derivative of 3 - 1/6*a**3 + 6*a - 5/2*a**2. Determine i(5).
-10
Let o(k) = -k**3 + 45*k**2 - 235*k + 44. Let p be o(39). Let g(z) = -z**3 + 7*z**2 - 11*z. What is g(p)?
-5
Let u(g) = -47*g**2 + 2*g + 3. Let x = -789 - -788. Determine u(x).
-46
Let q(s) = s**2 - 8*s + 2. Suppose 47*r = 46*r - 4*k - 508, -r = -k + 493. Let d = 503 + r. Determine q(d).
-5
Let v(s) = -s**2 + 16*s - 18. Suppose 4*w = 3*q - 7*q + 392, -3*q - 4*w = -290. Let c = 117 - q. Determine v(c).
-3
Let h(i) = i**3 + 5*i**2 - 10*i - 8. Let m(c) = 17*c + 117. Let x be m(-6). Suppose 39 - 5 = -5*a + t, -2*a - x = t. Calculate h(a).
-36
Let k(w) = 13*w**3 - 12*w**2 - 35*w - 22. Let y(f) = 37*f**3 - 34*f**2 - 101*f - 65. Let a(h) = 17*k(h) - 6*y(h). Calculate a(-3).
10
Let c(f) be the third derivative of f**5/40 + 7*f**4/24 - 52*f**3/3 + 5*f**2 + 17*f. Let z(p) be the first derivative of c(p). Give z(-9).
-20
Let i(b) = -b + 2. Suppose 43*y - 52*y = -81. Let k be (-6)/9 - (204/y)/(-4). Give i(k).
-3
Let u(w) = -w - 12. Let k(y) = -6. Let d(l) = k(l) - u(l). Let m(t) be the second derivative of -3*t**5/10 + t**3/6 - 4*t. Let q be m(1). What is d(q)?
1
Suppose -5*i + 14*d = 19*d - 75, 4*d = -2*i + 40. Let j(p) = p**3 - 9*p**2 - 7*p - 20. Give j(i).
10
Let m(q) = -q**2 - 5 - 5*q - 2*q**2 + 4*q**2. Let i(j) = 30*j - 316. Let n(k) = 6*k - 63. Let t(d) = 3*i(d) - 14*n(d). Let z be t(12). What is m(z)?
1
Let z(d) = d**2 - 6*d + 2. Let s(l) = 2*l - 1. Let k(h) = 22*h - 84. Let u(g) = k(g) - 4*s(g). Let m be u(6). Determine z(m).
-6
Let l(m) = -2*m**2 + 8*m - 2. Let g be 5/15 + -1 - (-22)/6. Give l(g).
4
Let j(q) = q**2 + 2. Let y(m) = m + 1. Let n(x) = j(x) - 4*y(x). Let h be 8/9*(-8 + (1375/10)/11). Give n(h).
-2
Let h(i) = -4*i + 1. Let b(y) = 22*y + 1294. Let z be b(-59). Calculate h(z).
17
Let c = 138 + -106. Suppose 9*v + 437 = c*v. Let p(d) = -d**3 + 19*d**2 + d - 24. Calculate p(v).
-5
Let m(b) = 7*b**2 - 5*b + 3. Let h(y) = -6*y**2 + 5*y - 2. Let l(j) = -6*h(j) - 5*m(j). Let r(i) = -2*i**3 - 12*i**2 + 29*i - 18. Let u be r(-8). What is l(u)?
3
Let h = 19 + -19. Suppose h*k = -4*k - 136. Let f = -31 - k. Let y(o) = o**2 - 2*o - 3. What is y(f)?
0
Suppose -3*j - 391 = -391. Suppose -58*h + 40*h - 126 = j. Let n(v) = -v**3 - 6*v**2 + 6*v - 9. Calculate n(h).
-2
Suppose 382*i - 145*i - 276 = 145*i. Let x(h) be the third derivative of -1/6*h**i + 0 + 44*h**2 + 0*h**4 - 1/120*h**6 + 0*h**5 + 0*h. Determine x(-2).
7
Let k(s) be the third derivative of s**7/420 + s**6/40 - s**5/24 - 3*s**4/8 - 31*s**3/6 - 87*s**2. Let l(w) be the first derivative of k(w). Calculate l(-5).
-9
Let w(z) be the second derivative of -z**4/6 + 43*z**3/6 - 13*z**2 + 4*z. Let o be w(21). Let g(a) = -4*a + 0 + 0 - 1 + 2. What is g(o)?
21
Let w = -21 + 18. Let f(u) = -3*u + 3. Let l(p) = 6*p - 7. Let g(y) = 7*f(y) + 3*l(y). Give g(w).
9
Let a(x) = x - 21. Suppose -4*s = 2*v - 4*v + 206, 4*s = -v + 109. Suppose -106*f + 18 = -v*f. Determine a(f).
-3
Let d(l) = 3*l - 3. Let j(v) = -3*v**2 - 4*v - 2. L